ctors of g.
5, 43
Let u = 1891 + 285. List the prime factors of u.
2, 17
Let r = -69 - -71. Suppose r*j - 470 = b, 6*j + 4*b = 5*j + 253. What are the prime factors of j?
3, 79
Let y = -69 - -69. Suppose 3*d = -y*d - 15, 3*d - 87 = -2*u. What are the prime factors of u?
3, 17
Let x(i) = -77*i + 8. Let z be x(2). Let h = z - -245. What are the prime factors of h?
3, 11
Suppose 0 = -16*y + 19*y - 9. Let k(d) = -d**2 + 3*d + 4. Let f be k(y). Suppose 5*c - 7*c = -f. What are the prime factors of c?
2
Suppose -39 - 706 = 5*m. Let b = m - -182. List the prime factors of b.
3, 11
Let x(t) = -2*t - 4. Let h = 10 + -5. Suppose h = 5*o + 20. What are the prime factors of x(o)?
2
Suppose -b = 4*p - 25, 0 = b + 3*p + 2*p - 22. Suppose b*k - 32*k = 425. What are the prime factors of k?
5, 17
Let t be (0 - 51)*(-2)/(-6). Let d be -4*t*1/(-4). Let x = 34 + d. List the prime factors of x.
17
Let x(s) = -375*s**3 + 6*s + 6. What are the prime factors of x(-1)?
3, 5
Suppose 62*m - 63*m + 690 = 0. What are the prime factors of m?
2, 3, 5, 23
List the prime factors of -8 + -5 + 266 + 7.
2, 5, 13
Let c be 2*3/12*0. Suppose -z + 16 = -c*z. What are the prime factors of z/(-5)*(-15)/6?
2
Suppose 3*p = p + 30. Let h be 4/(-5) - (-912)/p. Suppose -11 + h = j. List the prime factors of j.
7
Suppose t + 4 = -4. Suppose -36*p + 32*p + 68 = 0. Let r = p + t. What are the prime factors of r?
3
Let b = 1 + 17. Let q = b + -5. Let a = q - -4. List the prime factors of a.
17
List the prime factors of (5/(-15) - 0)/((-1)/2361).
787
Suppose 44*o - 43*o = 1022. What are the prime factors of o?
2, 7, 73
Let m(l) = 21 + 5*l - 3*l**3 - 31 + 12*l**2 + 4*l**3. What are the prime factors of m(-5)?
2, 5, 7
Let g be 986/(-2)*(-1 - -2)*-1. Suppose -3*q - 4*d = -g, -5 = -8*d + 3*d. List the prime factors of q.
163
Suppose -10*h = -4*h - 72. Let l(s) = -s + 10. Let n be l(h). List the prime factors of n + 41 + 16/(-8).
37
Let y be 1 - ((6 - 4) + -5). Suppose 0*t = y*t - 184. List the prime factors of t.
2, 23
Let u(a) = 3*a**2 - 13*a + 18. What are the prime factors of u(14)?
2, 53
Let v = 325 - 197. Let b = -85 + v. List the prime factors of b.
43
List the prime factors of -7 + 2 - (-325 + 1).
11, 29
List the prime factors of (-42)/(-49) - 3/((-63)/94902).
2, 5, 113
Let o = 488 + -185. What are the prime factors of o?
3, 101
Let m(o) = -o + 7. Let u be m(4). Suppose -44 = -6*t + 2*t. Let f = t - u. List the prime factors of f.
2
Let q(d) = -4*d - 4. Let v(h) = -5*h - 4. Let l(a) = 6*q(a) - 5*v(a). Let s be l(8). Let f(w) = 17*w + 10. What are the prime factors of f(s)?
2, 3, 13
Let q(n) = 9*n**2 + 4*n + 7. Let y(p) = -26*p**2 - 11*p - 21. Let t(j) = -11*q(j) - 4*y(j). What are the prime factors of t(4)?
3, 29
Let k be (36/7)/(-2*(-6)/224). Suppose g - 205 = k. What are the prime factors of g?
7, 43
Let q(n) = 2*n**2 + 4*n + 19. List the prime factors of q(-11).
7, 31
Suppose 2*b - 314 = -2*w, -155*b = -2*w - 152*b + 334. What are the prime factors of w?
7, 23
Suppose -6*f = f + 63. Let h be 1 - -8 - (-3 - -1). Let r = f + h. List the prime factors of r.
2
Let w be (1 - (7 + -4)) + 9. Suppose -3*t - j = -232, 3*t - 3*j - 244 = -w*j. What are the prime factors of t?
2, 19
Let c(j) = j**3 - j**2 + 3*j - 3. Let b be (2 - 4)*(-35)/14. Suppose b*v + 11 - 26 = 0. What are the prime factors of c(v)?
2, 3
Let q = 27 + -45. Let r = q - -22. Suppose -r*j + 26 + 178 = 0. What are the prime factors of j?
3, 17
Let r(u) = -u**3 + 4*u**2 - 6*u + 3. Let b be r(6). Let f = b + 212. What are the prime factors of f?
107
Let l(c) = -5*c**2 - 6*c + 8. Let a(x) = -3*x**2 - 4*x + 5. Let n(t) = 8*a(t) - 5*l(t). List the prime factors of n(-8).
2, 5
Let d be 285/(-3) - (1 + 5 + -3). Let h = d - -183. List the prime factors of h.
5, 17
Suppose 49*k - 65638 = 33489. What are the prime factors of k?
7, 17
Suppose 6*u + 588 = 9*u. Let g = u - 133. List the prime factors of g.
3, 7
Let x be ((-24)/28)/((-10)/35). Suppose -3*k = -x*w - 341 - 34, 363 = 3*k + w. What are the prime factors of k?
2, 61
Suppose -4*z - 5453 = -3*t - 8*z, 2*z + 8 = 0. What are the prime factors of t?
1823
Suppose 6 = 5*g + 21. Let z(s) = 24*s**2 - 4*s - 6. List the prime factors of z(g).
2, 3, 37
Let i(f) = -f**2 - 6*f - 2. Let r be i(-5). Suppose 3*m + 2*q - 6 = 0, -2*m + 4*q + 11 = r*q. Suppose -m - 74 = -2*u. List the prime factors of u.
3, 13
Let s = -588 - -1669. List the prime factors of s.
23, 47
Let k = 219 - 367. Let q = 258 + k. Let h = q + -66. List the prime factors of h.
2, 11
Let u = -69 - -73. Suppose -n = 4*p - 511, u*p - 5*n = -7*n + 510. What are the prime factors of p?
2
Suppose -3*m = m - w - 8, 4*m - 8 = -3*w. Suppose 0 = -5*p + 5*x - 90 + 20, p = -m*x - 8. What are the prime factors of (75/p)/((-5)/20)?
5
Let j = -1504 + 2308. List the prime factors of j.
2, 3, 67
Suppose 325 = 5*s + 5*f, 52*s - 49*s + 5*f - 185 = 0. What are the prime factors of s?
2, 5, 7
Let d(y) = -y - 2. Let x = -24 + 22. Let m be d(x). What are the prime factors of 4 + -4 - (m + -31)?
31
Let l = -5857 + 9988. List the prime factors of l.
3, 17
Let h(q) = 211*q**2 + 20*q + 1. What are the prime factors of h(-2)?
5, 7, 23
Let c(d) be the third derivative of d**5/30 - 17*d**4/24 - 8*d**3/3 + 29*d**2. What are the prime factors of c(-6)?
2, 79
Let i(k) = 1 - 6 + 3 - 2*k - k**2 + 4*k**2. List the prime factors of i(-3).
31
What are the prime factors of (-4)/(-3)*(-8 - (-1035)/18)?
2, 3, 11
Suppose o + 8827 = 2*y + 2*y, 4*y = -2*o + 8818. List the prime factors of y.
2, 1103
Suppose -1510 = -3*g - 4*y + 9*y, 4*g = -5*y + 2025. What are the prime factors of g?
5, 101
Let w = -8 + 11. Let b = 3 - w. Suppose b = -5*p + 3*t + 157, p - 7 - 2 = -5*t. What are the prime factors of p?
29
Let l be (-25)/(-3) + (-10)/(-15). Let o be (l - 6)*(-320)/(-6). Suppose -4*w - w + o = 0. What are the prime factors of w?
2
Suppose 0 = 3*s - 0 + 9, k - 462 = -s. What are the prime factors of k?
3, 5, 31
Let f be (1 + -1)/(8 + -10). Suppose 24 + f = -4*p. Let c(n) = n**2 + 4*n - 7. List the prime factors of c(p).
5
Suppose 5*p - 517 = -4*f, -f = -3*p + 4*p - 103. What are the prime factors of p?
3, 5, 7
Suppose 366*z = 359*z + 3731. What are the prime factors of z?
13, 41
Let l(y) = -y + 7. Suppose x - 5 + 4 = 0. Let d be (x + 9)*(-1 - 0). List the prime factors of l(d).
17
Suppose 7*q = 5*d + 2*q - 170, 4*d = q + 148. Let n = d + -71. Let h = n - -95. What are the prime factors of h?
2, 31
Let k be 3 - 81*(-7)/((-21)/(-26)). Suppose 0 = -5*r + k - 150. What are the prime factors of r?
3, 37
Let a(d) = -41*d - 450. What are the prime factors of a(-32)?
2, 431
Let r = -750 + 444. Let f = -131 - r. List the prime factors of f.
5, 7
Let q be (6/(-8))/(8/2272). Let k = 118 + q. Let v = -55 - k. List the prime factors of v.
2, 5
Let v = -174 - -203. List the prime factors of v.
29
Let r = 78 - 74. List the prime factors of ((-222)/5)/(6/(-60)*r).
3, 37
What are the prime factors of (-1)/(3*(-4)/3852)?
3, 107
What are the prime factors of (-19650)/(-15) + (-3)/((-12)/(-8))?
2, 3, 109
Suppose -342*p + 19488 = -336*p. What are the prime factors of p?
2, 7, 29
Let x(m) = -m - 14. Let r be x(-6). Let n = 11 + r. Suppose 5*f - 41 = -l, -65 = -3*l - n*f + 46. List the prime factors of l.
2, 3
Suppose -5*x + 3*o = -207, 2*x - 4*o + 6*o = 86. Suppose 0 = -3*c + x + 102. List the prime factors of c.
2, 3
Let y be (-2)/9 + 120/(-162)*-3. Suppose 0 = 3*z - 3, -y*b + 4*z + 5 = -19. What are the prime factors of b?
2, 7
Suppose 16*o + 296 = 4216. List the prime factors of o.
5, 7
List the prime factors of (30/(-18)*15)/((-3)/3).
5
Let q be (5/10)/((-3)/60). Let x(k) = k**3 + 11*k**2 + 2*k. What are the prime factors of x(q)?
2, 5
Let d(l) = 8*l - 8. Let y(i) = -23*i + 24. Let h(f) = -17*d(f) - 6*y(f). Let w be h(-6). What are the prime factors of (-2 + (2 - 2))*w?
2, 5
Suppose -3*t - 8*x + 6*x = -1419, 4*t - 1897 = -x. List the prime factors of t.
5, 19
Let t = 629 + -71. What are the prime factors of t?
2, 3, 31
Let u be (-2)/(-7) - ((-178)/14 - -5). Suppose 11*b - u*b = 309. List the prime factors of b.
103
Let o be (-1 - 3)/((-7)/(-28)). Let l(f) = f**2 + 9*f - 1. List the prime factors of l(o).
3, 37
Let u be (-1)/((-18)/4) + 6/(-27). Suppose -5*f - 4*z = -231, -f + 4*z = -u*f - 51. W